{"id":233,"date":"2012-04-13T10:55:16","date_gmt":"2012-04-13T10:55:16","guid":{"rendered":"http:\/\/www.choraledescordeliers.fr\/?page_id=233"},"modified":"2020-04-04T15:59:46","modified_gmt":"2020-04-04T13:59:46","slug":"voeux","status":"publish","type":"page","link":"https:\/\/www.choraledescordeliers.fr\/?page_id=233","title":{"rendered":"Voeux &#8211; Po\u00eames et chansons"},"content":{"rendered":"<p><strong>&#8212;&#8212;&#8212;&#8212;&#8212;&#8212;&#8212;&#8212;&#8212;&#8212;&#8212;&#8212;&#8212;&#8212;&#8212;&#8212;&#8212;&#8212;&#8212;&#8212;&#8212;&#8212;&#8212;&#8212;&#8212;&#8212;&#8212;&#8212;&#8212;&#8212;&#8212;&#8212;&#8212;&#8212;&#8212;&#8212;&#8211;<\/strong><\/p>\n<p class=\"MsoNormal\" style=\"text-align: center\" align=\"center\"><strong><span style=\"font-size: 14.0pt;line-height: 115%;background: yellow\">Paroles de 945 chansons d&rsquo;hier aujourd&rsquo;hui :<br \/>\n<\/span><\/strong><\/p>\n<p class=\"MsoNormal\" style=\"text-align: center\" align=\"center\"><a href=\"http:\/\/www.choraledescordeliers.fr\/wp-content\/uploads\/2012\/04\/945_chansons_2titres.pdf\">945_chansons_2titres<\/a><\/p>\n<p class=\"MsoNormal\" style=\"text-align: center\" align=\"center\">\n<p class=\"MsoNormal\" style=\"text-align: center\" align=\"center\"><strong><span style=\"font-size: 14.0pt;line-height: 115%;background: yellow\">Tirade des \u00ab\u00a0N\u00e9n\u00e9s\u00a0\u00bb (Nicole TOURRES)<\/span><\/strong><\/p>\n<p class=\"MsoListParagraphCxSpFirst\" style=\"text-indent: -18.0pt\">&#8211;<span style=\"font: 7.0pt 'Times New Roman'\">\u00a0\u00a0\u00a0\u00a0\u00a0\u00a0\u00a0\u00a0\u00a0 <\/span><strong>N\u00e9 n\u00e9 n\u00e9 n\u00e9 n\u00e9 n\u00e9 n\u00e9 n\u00e9 n\u00e9 n\u00e9 n\u00e9 n\u00e9 n\u00e9 n\u00e9 n\u00e9 n\u00e9 n\u00e9 \u2026\u2026\u2026<\/strong> (Voir le \u00ab\u00a0Canto General\u00a0\u00bb de Pablo N\u00e9ruda et Theodorakis)<\/p>\n<p class=\"MsoListParagraphCxSpLast\" style=\"text-indent: -18.0pt\">&#8211;<span style=\"font: 7.0pt 'Times New Roman'\">\u00a0\u00a0\u00a0\u00a0\u00a0\u00a0\u00a0\u00a0\u00a0 <\/span>.. C\u2019est tout\u00a0?&#8230; Mais on peut, chers amis, dire tant de choses en somme\u00a0! \u2026 Et \u2026en variant le ton, \u00e0 la \u00ab\u00a0Edmond Rostand\u00a0\u00bb\u00a0!<\/p>\n<p class=\"MsoNormal\"><span style=\"color: #000000\"><strong><span style=\"font-size: 12pt;line-height: 115%\">Agressif\u00a0<\/span>: <\/strong><\/span>\u00a0\u00a0 \u00ab\u00a0Ah\u00a0! Moi, si j\u2019avais ces \u00ab\u00a0n\u00e9n\u00e9s\u00a0\u00bb\u00a0! il faudrait sur le champ qu\u2019on me les r\u00e9duisisse\u00a0\u00bb<\/p>\n<p class=\"MsoNormal\"><strong><span style=\"font-size: 12pt;line-height: 115%\">Amical\u00a0<\/span>:<\/strong>\u00a0\u00a0\u00a0 \u00ab\u00a0Mais dans le potage, ils doivent se baigner\u00a0!&#8230; Et pour voir ce que vous devez manger, des r\u00e9troviseurs devriez am\u00e9nager\u00a0!\u00a0\u00bb<\/p>\n<p class=\"MsoNormal\"><span style=\"color: #000000\"><strong><span style=\"font-size: 12pt;line-height: 115%\">Descriptif<\/span>\u00a0:<\/strong>\u00a0\u00a0<\/span>\u00a0 \u00ab\u00a0Sont-ce l\u00e0 des globes, des fesses\u00a0? des ballons\u00a0? \u2026 Que dis-je\u00a0? Sont-ce l\u00e0 de vrais \u00ab\u00a0monts\u00a0\u00bb<\/p>\n<p class=\"MsoNormal\"><strong><span style=\"font-size: 12pt;line-height: 115%\">Curieux<\/span>\u00a0:<\/strong> \u00a0 \u00a0\u00a0 A quoi servent ces rondes capitules\u00a0? De \u00ab\u00a0pose-plateaux\u00a0\u00bb ou de \u00ab\u00a0bo\u00eetes \u00e0 lolo\u00a0\u00bb<\/p>\n<p class=\"MsoNormal\"><strong><span style=\"font-size: 12pt;line-height: 115%\">Gracieux<\/span>\u00a0:<\/strong> \u00a0\u00a0 \u00ab\u00a0Aimez vous \u00e0 ce point les marmots que maternellement vos leur y d\u00e9posiez leurs tendres frimoussettes\u00a0?\u00a0!\u00bb<\/p>\n<p class=\"MsoNormal\"><strong><span style=\"font-size: 12pt;line-height: 115%\">Truculent\u00a0<\/span>:\u00a0<\/strong>\u00a0\u00a0 \u00a0 \u00ab\u00a0Ca, Madame\u00a0!!!&#8230; Vous ne pouvez danser, sautiller ou bondir, sans que tous vos amis amicalement crient\u00a0: \u00ab\u00a0Arr\u00eatez\u2026\u00a0! Vous nous faites mourir\u00a0! \u2026 Gardez donc votre corps de tomber sous ce poids\u00a0!&#8230; ou d\u2019en assommer un \u2026 et m\u00eame vous\u2026 ma foi\u00a0!<\/p>\n<p class=\"MsoNormal\"><strong><span style=\"font-size: 12pt;line-height: 115%\">Tendre<\/span>\u00a0:<\/strong> \u00a0 \u00a0 \u00ab\u00a0Faites am\u00e9nager petites montgolfi\u00e8res afin de vous aider \u00e0 mieux les supporter\u00a0!!!\u00a0\u00bb<\/p>\n<p class=\"MsoNormal\"><strong><span style=\"font-size: 12pt;line-height: 115%\">P\u00e9dant\u00a0<\/span>:<\/strong> \u00a0 \u00a0\u00a0 \u00ab\u00a0C\u2019est pour rivaliser avec les Grandes \u00ab\u00a0Stars\u00a0\u00bb que vous exposez l\u00e0 avantageux app\u00e2ts\u00a0?!\u00a0\u00bb<\/p>\n<p class=\"MsoNormal\"><strong><span style=\"font-size: 12pt;line-height: 115%\">Dramatique<\/span>\u00a0:<\/strong>\u00a0\u00a0\u00a0 \u00ab\u00a0Mais cette usine \u00e0 lait va \u00e9touffer b\u00e9b\u00e9\u00a0!&#8230;\u00a0\u00bb<\/p>\n<p class=\"MsoNormal\"><strong><span style=\"font-size: 12pt;line-height: 115%\">Admiratif\u00a0<\/span>:<\/strong> \u00a0 \u00a0\u00a0 \u00ab\u00a0Quelle r\u00e9clame que vos seins\u00a0!!!&#8230; pour une pub de \u00ab\u00a0coussins\u00a0\u00bb\u00a0!<\/p>\n<p class=\"MsoNormal\"><strong><span style=\"font-size: 12pt;line-height: 115%\">Na\u00eff<\/span>\u00a0:<\/strong>\u00a0\u00a0\u00a0\u00a0 \u00ab\u00a0 De quoi vous les gonflez\u00a0? de gaz\u00a0?&#8230; de mousse\u00a0?.. ou d\u2019air comprim\u00e9\u00a0?! \u2026<\/p>\n<p class=\"MsoNormal\"><strong><span style=\"font-size: 12pt;line-height: 115%\">Pratique<\/span>\u00a0:<\/strong> \u00a0 \u00a0\u00a0 \u00ab\u00a0Vous n\u2019avez pas besoin d\u2019acheter des \u00ab\u00a0Airbags\u00a0\u00bb \u2026 pour qu\u2019en s\u00e9curit\u00e9, vous puissiez voyager\u00a0!!!\u00a0\u00bb\u2026.<\/p>\n<p><span style=\"text-decoration: underline;color: #ff0000\"><em><strong>&#8211; &#8212;&#8212;&#8212;&#8212;&#8212;&#8212;&#8212;&#8212;&#8212;&#8212;&#8212;&#8212;&#8212;&#8212;&#8212;&#8212;&#8212;&#8212;&#8212;&#8212;&#8212;&#8212;&#8212;&#8212;&#8212;&#8212;&#8212;&#8212;&#8212;&#8212;&#8212;&#8212;&#8212;&#8212;&#8212;&#8212;&#8212;&#8212;-<\/strong><\/em><\/span><\/p>\n<p><strong>Vous pouvez t\u00e9l\u00e9charger ici divers po\u00e8mes et chansons collectionn\u00e9s au fil des ann\u00e9es :<\/strong><\/p>\n<p><a href=\"http:\/\/www.choraledescordeliers.fr\/wp-content\/uploads\/2012\/04\/Soir\u00e9e-festive-2012-th\u00e8me-les-ann\u00e9es-60.doc\">2012 &#8211; Soir\u00e9e festive : th\u00e8me les ann\u00e9es 60<\/a><\/p>\n<p><a href=\"http:\/\/www.choraledescordeliers.fr\/wp-content\/uploads\/2012\/04\/2011-02-06-Lyc\u00e9e-Papillon.doc\">2011 02 06 Lyc\u00e9e Papillon<\/a><br \/>\n<a href=\"http:\/\/www.choraledescordeliers.fr\/wp-content\/uploads\/2012\/04\/2011-02-06-Brindisi-pour-les-acteurs-revu-par-Marie-Do-Gachet.doc\">2011 02 06 Brindisi pour les acteurs (revu par Marie Do Gachet)<br \/>\n<\/a><a href=\"http:\/\/www.choraledescordeliers.fr\/wp-content\/uploads\/2012\/04\/2011-02-04-Au-Pr\u00e9sident-pr\u00e9c\u00e9dent.doc\">2011 02 04 Au Pr\u00e9sident pr\u00e9c\u00e9dent<\/a><a href=\"http:\/\/www.choraledescordeliers.fr\/wp-content\/uploads\/2012\/04\/2011-02-06-Brindisi-pour-les-acteurs-revu-par-Marie-Do-Gachet.doc\"><br \/>\n<\/a><a href=\"http:\/\/www.choraledescordeliers.fr\/wp-content\/uploads\/2012\/04\/2008-01-30-Quon-est-bien-avec-les-Cordeliers.doc\">2008 01 30 Qu&rsquo;on est bien avec les Cordeliers<\/a><a href=\"http:\/\/www.choraledescordeliers.fr\/wp-content\/uploads\/2012\/04\/2011-02-06-Brindisi-pour-les-acteurs-revu-par-Marie-Do-Gachet.doc\"><br \/>\n<\/a><a href=\"http:\/\/www.choraledescordeliers.fr\/wp-content\/uploads\/2012\/04\/2008-01-30-La-chorale-a-20-ans.doc\">2008 01 30 La chorale a 20 ans<\/a><a href=\"http:\/\/www.choraledescordeliers.fr\/wp-content\/uploads\/2012\/04\/2011-02-06-Brindisi-pour-les-acteurs-revu-par-Marie-Do-Gachet.doc\"><br \/>\n<\/a><a href=\"http:\/\/www.choraledescordeliers.fr\/wp-content\/uploads\/2012\/04\/2008-01-30-La-chorale-air-de-La-femme-qui...-R\u00e9ggiani.doc\">2008 01 30 La chorale (air de La femme qui&#8230;) R\u00e9ggiani<\/a><a href=\"http:\/\/www.choraledescordeliers.fr\/wp-content\/uploads\/2012\/04\/2011-02-06-Brindisi-pour-les-acteurs-revu-par-Marie-Do-Gachet.doc\"><br \/>\n<\/a><a href=\"http:\/\/www.choraledescordeliers.fr\/wp-content\/uploads\/2012\/04\/2006-05-16-Choraloth\u00e9rapie-version-2.rtf\">2006 05 16 Choraloth\u00e9rapie version 2<\/a><a href=\"http:\/\/www.choraledescordeliers.fr\/wp-content\/uploads\/2012\/04\/2011-02-06-Brindisi-pour-les-acteurs-revu-par-Marie-Do-Gachet.doc\"><br \/>\n<\/a><a href=\"http:\/\/www.choraledescordeliers.fr\/wp-content\/uploads\/2012\/04\/2005-06-22-po\u00e8me-Nicole-Tourres.doc\">2005 06 22 po\u00e8me Nicole Tourres<\/a><a href=\"http:\/\/www.choraledescordeliers.fr\/wp-content\/uploads\/2012\/04\/2011-02-06-Brindisi-pour-les-acteurs-revu-par-Marie-Do-Gachet.doc\"><br \/>\n<\/a><a href=\"http:\/\/www.choraledescordeliers.fr\/wp-content\/uploads\/2012\/04\/2005-A-Emile-Escalle.pdf\">2005 &#8212; &#8212; A Emile Escalle<br \/>\n<\/a><a href=\"http:\/\/www.choraledescordeliers.fr\/wp-content\/uploads\/2012\/04\/2004-03-21-Voyagevoyage3.doc\">2004 03 21 Voyage,voyage3<\/a><a href=\"http:\/\/www.choraledescordeliers.fr\/wp-content\/uploads\/2012\/04\/2005-A-Emile-Escalle.pdf\"><br \/>\n<\/a><a href=\"http:\/\/www.choraledescordeliers.fr\/wp-content\/uploads\/2012\/04\/2003-08-08-Nos-r\u00e9p\u00e9titions.doc\">2003 08 08 Nos r\u00e9p\u00e9titions<\/a><a href=\"http:\/\/www.choraledescordeliers.fr\/wp-content\/uploads\/2012\/04\/2005-A-Emile-Escalle.pdf\"><br \/>\n<\/a><a href=\"http:\/\/www.choraledescordeliers.fr\/wp-content\/uploads\/2012\/04\/2003-06-13-Ballade-des-retrait\u00e9s-Ginette.doc\">2003 06 13 Ballade des retrait\u00e9s (Ginette)<\/a><a href=\"http:\/\/www.choraledescordeliers.fr\/wp-content\/uploads\/2012\/04\/2005-A-Emile-Escalle.pdf\"><br \/>\n<\/a><a href=\"http:\/\/www.choraledescordeliers.fr\/wp-content\/uploads\/2012\/04\/2003-05-09-WE-en-Bourgogne.doc\">2003 05 09 WE en Bourgogne<\/a><a href=\"http:\/\/www.choraledescordeliers.fr\/wp-content\/uploads\/2012\/04\/2005-A-Emile-Escalle.pdf\"><br \/>\n<\/a><a href=\"http:\/\/www.choraledescordeliers.fr\/wp-content\/uploads\/2012\/04\/2003-05-08-Tu-n-npourras-plus-ten-passer.rtf\">2003 05 08 Tu n n&rsquo;pourras plus t&rsquo;en passer<\/a><a href=\"http:\/\/www.choraledescordeliers.fr\/wp-content\/uploads\/2012\/04\/2005-A-Emile-Escalle.pdf\"><br \/>\n<\/a><a href=\"http:\/\/www.choraledescordeliers.fr\/wp-content\/uploads\/2012\/04\/2002-02-15-Nous-avons-bien-re\u00e7u-ta-belle-lettre.doc\">2002 02 15 Nous avons bien re\u00e7u ta belle lettre<\/a><a href=\"http:\/\/www.choraledescordeliers.fr\/wp-content\/uploads\/2012\/04\/2005-A-Emile-Escalle.pdf\"><br \/>\n<\/a><a href=\"http:\/\/www.choraledescordeliers.fr\/wp-content\/uploads\/2012\/04\/Le nouveau temps du muguet.jpg\">1999 02 15 Les chanteurs des Cordeliers<br \/>\n<\/a><a href=\"http:\/\/www.choraledescordeliers.fr\/wp-content\/uploads\/2012\/04\/Le-nouveau-temps-du-muguet.jpg\">Le nouveau temps du muguet<br \/>\n<\/a><a href=\"http:\/\/www.choraledescordeliers.fr\/wp-content\/uploads\/2012\/04\/Hymne-Chorale1.doc\">Hymne Chorale1<\/a><a href=\"http:\/\/www.choraledescordeliers.fr\/wp-content\/uploads\/2012\/04\/Le-nouveau-temps-du-muguet.jpg\"><br \/>\n<\/a><a href=\"http:\/\/www.choraledescordeliers.fr\/wp-content\/uploads\/2012\/04\/Conrad.jpg\">Conrad<\/a><br \/>\n<a href=\"http:\/\/www.choraledescordeliers.fr\/wp-content\/uploads\/2012\/04\/Ce-qua-dit-le-chef.jpg\">Ce qu&rsquo;a dit le chef<\/a><br \/>\n<a href=\"http:\/\/www.choraledescordeliers.fr\/wp-content\/uploads\/2012\/04\/A-Pascale.doc\">A Pascale<br \/>\n<\/a><a href=\"http:\/\/www.choraledescordeliers.fr\/wp-content\/uploads\/2012\/04\/A-notre-Ami-Roger.ppt\">A notre Ami Roger<\/a><a href=\"http:\/\/www.choraledescordeliers.fr\/wp-content\/uploads\/2012\/04\/A-Pascale.doc\"><br \/>\n<\/a><a href=\"http:\/\/www.choraledescordeliers.fr\/wp-content\/uploads\/2012\/04\/A-Michel.doc\">A Michel<\/a><a href=\"http:\/\/www.choraledescordeliers.fr\/wp-content\/uploads\/2012\/04\/A-Pascale.doc\"><br \/>\n<\/a><a href=\"http:\/\/www.choraledescordeliers.fr\/wp-content\/uploads\/2012\/04\/A-jeanette.doc\">A jeanette<\/a><a href=\"http:\/\/www.choraledescordeliers.fr\/wp-content\/uploads\/2012\/04\/A-Pascale.doc\"><br \/>\n<\/a><a href=\"http:\/\/www.choraledescordeliers.fr\/wp-content\/uploads\/2012\/04\/Arriv\u00e9e-aux-Cordeliers.doc\">Arriv\u00e9e aux Cordeliers<\/a><a href=\"http:\/\/www.choraledescordeliers.fr\/wp-content\/uploads\/2012\/04\/A-Pascale.doc\">\u00a0<\/a><\/p>\n<p><strong>&#8212;&#8212;&#8212;&#8212;&#8212;&#8212;&#8212;&#8212;&#8212;&#8212;&#8212;&#8212;&#8212;&#8212;&#8212;&#8212;&#8212;&#8212;&#8212;&#8212;&#8212;&#8212;&#8212;&#8212;&#8212;&#8212;&#8212;&#8212;&#8212;&#8212;&#8212;&#8212;&#8212;&#8212;-<\/strong><\/p>\n<p><em><strong>Vous trouverez ci dessous les voeux collectionn\u00e9s depuis 2000 :<\/strong><\/em><\/p>\n<p><a href=\"http:\/\/www.choraledescordeliers.fr\/wp-content\/uploads\/2012\/04\/Voeux-2012-du-Pr\u00e9sident.doc\">Voeux 2012 du Pr\u00e9sident<br \/>\n<\/a><a href=\"http:\/\/www.choraledescordeliers.fr\/wp-content\/uploads\/2012\/04\/Voeux-2011.pdf\">Voeux 2011<\/a><a href=\"http:\/\/www.choraledescordeliers.fr\/wp-content\/uploads\/2012\/04\/Voeux-2012-du-Pr\u00e9sident.doc\"><br \/>\n<\/a><a href=\"http:\/\/www.choraledescordeliers.fr\/wp-content\/uploads\/2012\/04\/Voeux-20111.pdf\">Voeux 2011<br \/>\n<\/a><a href=\"http:\/\/www.choraledescordeliers.fr\/wp-content\/uploads\/2012\/04\/Voeux-2011-de-la-Chorale.doc\">Voeux 2011 de la Chorale<\/a><a href=\"http:\/\/www.choraledescordeliers.fr\/wp-content\/uploads\/2012\/04\/Voeux-20111.pdf\"><br \/>\n<\/a><a href=\"http:\/\/www.choraledescordeliers.fr\/wp-content\/uploads\/2012\/04\/V\u0153ux-2011-de-Cyril-Martial.mp3\">V\u0153ux 2011 de Cyril Martial<\/a><a href=\"http:\/\/www.choraledescordeliers.fr\/wp-content\/uploads\/2012\/04\/Voeux-20111.pdf\"><br \/>\n<\/a><a href=\"http:\/\/www.choraledescordeliers.fr\/wp-content\/uploads\/2012\/04\/Voeux-2010_2.pdf\">Voeux 2010_2<\/a><a href=\"http:\/\/www.choraledescordeliers.fr\/wp-content\/uploads\/2012\/04\/Voeux-20111.pdf\"><br \/>\n<\/a><a href=\"http:\/\/www.choraledescordeliers.fr\/wp-content\/uploads\/2012\/04\/Voeux-2010.pdf\">Voeux 2010<\/a><a href=\"http:\/\/www.choraledescordeliers.fr\/wp-content\/uploads\/2012\/04\/Voeux-20111.pdf\"><br \/>\n<\/a><a href=\"http:\/\/www.choraledescordeliers.fr\/wp-content\/uploads\/2012\/04\/Voeux-2009.doc\">Voeux 2009<\/a><a href=\"http:\/\/www.choraledescordeliers.fr\/wp-content\/uploads\/2012\/04\/Voeux-20111.pdf\"><br \/>\n<\/a><a href=\"http:\/\/www.choraledescordeliers.fr\/wp-content\/uploads\/2012\/04\/Voeux-2009-2.doc\">Voeux 2009 2<\/a><a href=\"http:\/\/www.choraledescordeliers.fr\/wp-content\/uploads\/2012\/04\/Voeux-20111.pdf\"><br \/>\n<\/a><a href=\"http:\/\/www.choraledescordeliers.fr\/wp-content\/uploads\/2012\/04\/Voeux-2008.doc\">Voeux 2008<\/a><a href=\"http:\/\/www.choraledescordeliers.fr\/wp-content\/uploads\/2012\/04\/Voeux-20111.pdf\"><br \/>\n<\/a><a href=\"http:\/\/www.choraledescordeliers.fr\/wp-content\/uploads\/2012\/04\/Voeux-2008-1.doc\">Voeux 2008 1<\/a><a href=\"http:\/\/www.choraledescordeliers.fr\/wp-content\/uploads\/2012\/04\/Voeux-20111.pdf\"><br \/>\n<\/a><a href=\"http:\/\/www.choraledescordeliers.fr\/wp-content\/uploads\/2012\/04\/Voeux-2007.doc\">Voeux 2007<\/a><a href=\"http:\/\/www.choraledescordeliers.fr\/wp-content\/uploads\/2012\/04\/Voeux-20111.pdf\"><br \/>\n<\/a><a href=\"http:\/\/www.choraledescordeliers.fr\/wp-content\/uploads\/2012\/04\/Voeux-2007-2.doc\">Voeux 2007 2<\/a><a href=\"http:\/\/www.choraledescordeliers.fr\/wp-content\/uploads\/2012\/04\/Voeux-20111.pdf\"><br \/>\n<\/a><a href=\"http:\/\/www.choraledescordeliers.fr\/wp-content\/uploads\/2012\/04\/Voeux-2006.doc\">Voeux 2006<\/a><a href=\"http:\/\/www.choraledescordeliers.fr\/wp-content\/uploads\/2012\/04\/Voeux-20111.pdf\"><br \/>\n<\/a><a href=\"http:\/\/www.choraledescordeliers.fr\/wp-content\/uploads\/2012\/04\/Voeux-2006-2.doc\">Voeux 2006 2<\/a><a href=\"http:\/\/www.choraledescordeliers.fr\/wp-content\/uploads\/2012\/04\/Voeux-20111.pdf\"><br \/>\n<\/a><a href=\"http:\/\/www.choraledescordeliers.fr\/wp-content\/uploads\/2012\/04\/VOEUX-2005-Photos.doc\">VOEUX 2005 Photos<\/a><a href=\"http:\/\/www.choraledescordeliers.fr\/wp-content\/uploads\/2012\/04\/Voeux-20111.pdf\"><br \/>\n<\/a><a href=\"http:\/\/www.choraledescordeliers.fr\/wp-content\/uploads\/2012\/04\/Voeux-2004-Conte-de-no\u00ebl.doc\">Voeux 2004 Conte de no\u00ebl<\/a><a href=\"http:\/\/www.choraledescordeliers.fr\/wp-content\/uploads\/2012\/04\/Voeux-20111.pdf\"><br \/>\n<\/a><a href=\"http:\/\/www.choraledescordeliers.fr\/wp-content\/uploads\/2012\/04\/Voeux-2003-cest-lautomne.doc\">Voeux 2003 c&rsquo;est l&rsquo;automne<\/a><a href=\"http:\/\/www.choraledescordeliers.fr\/wp-content\/uploads\/2012\/04\/Voeux-20111.pdf\"><br \/>\n<\/a><a href=\"http:\/\/www.choraledescordeliers.fr\/wp-content\/uploads\/2012\/04\/voeux-2002-Mozart.doc\">voeux 2002 Mozart<\/a><a href=\"http:\/\/www.choraledescordeliers.fr\/wp-content\/uploads\/2012\/04\/Voeux-20111.pdf\"><br \/>\n<\/a><a href=\"http:\/\/www.choraledescordeliers.fr\/wp-content\/uploads\/2012\/04\/voeux-2001-La-polyphonie.doc\">voeux 2001 La polyphonie<\/a><a href=\"http:\/\/www.choraledescordeliers.fr\/wp-content\/uploads\/2012\/04\/Voeux-20111.pdf\"><br \/>\n<\/a><a href=\"http:\/\/www.choraledescordeliers.fr\/wp-content\/uploads\/2012\/04\/Voeux-2000.doc\">Voeux 2000<\/a><a href=\"http:\/\/www.choraledescordeliers.fr\/wp-content\/uploads\/2012\/04\/Voeux-20111.pdf\">\u00a0<\/a><\/p>\n<div id=\"ffenetremailtomailModal\">\n<div id=\"ffenetremailtopopupModalMail\">\n<div id=\"ffenetremailtotoModalClose\"><\/div>\n<div id=\"ffenetremailtopopupQuestion\">What do you want to do ?<\/div>\n<p><a id=\"ffenetremailtoemailOpen\"><\/a>New mail<button id=\"ffenetremailtobuttonEmail\">Copy<\/button><textarea id=\"ffenetremailtotextArea\"><\/textarea><\/div>\n<\/div>\n<div><img alt=\"\" \/><\/div>\n","protected":false},"excerpt":{"rendered":"<p>&#8212;&#8212;&#8212;&#8212;&#8212;&#8212;&#8212;&#8212;&#8212;&#8212;&#8212;&#8212;&#8212;&#8212;&#8212;&#8212;&#8212;&#8212;&#8212;&#8212;&#8212;&#8212;&#8212;&#8212;&#8212;&#8212;&#8212;&#8212;&#8212;&#8212;&#8212;&#8212;&#8212;&#8212;&#8212;&#8212;&#8211; Paroles de 945 chansons d&rsquo;hier aujourd&rsquo;hui : 945_chansons_2titres Tirade des \u00ab\u00a0N\u00e9n\u00e9s\u00a0\u00bb (Nicole TOURRES) &#8211;\u00a0\u00a0\u00a0\u00a0\u00a0\u00a0\u00a0\u00a0\u00a0 N\u00e9 n\u00e9 n\u00e9 n\u00e9 n\u00e9 n\u00e9 n\u00e9 n\u00e9 n\u00e9 n\u00e9 n\u00e9 n\u00e9 n\u00e9 n\u00e9 n\u00e9 n\u00e9 n\u00e9 \u2026\u2026\u2026 (Voir le \u00ab\u00a0Canto General\u00a0\u00bb de Pablo N\u00e9ruda &hellip; <a href=\"https:\/\/www.choraledescordeliers.fr\/?page_id=233\">Lire la suite <span class=\"meta-nav\">&rarr;<\/span><\/a><\/p>\n","protected":false},"author":1,"featured_media":0,"parent":214,"menu_order":0,"comment_status":"closed","ping_status":"closed","template":"showcase.php","meta":[],"_links":{"self":[{"href":"https:\/\/www.choraledescordeliers.fr\/index.php?rest_route=\/wp\/v2\/pages\/233"}],"collection":[{"href":"https:\/\/www.choraledescordeliers.fr\/index.php?rest_route=\/wp\/v2\/pages"}],"about":[{"href":"https:\/\/www.choraledescordeliers.fr\/index.php?rest_route=\/wp\/v2\/types\/page"}],"author":[{"embeddable":true,"href":"https:\/\/www.choraledescordeliers.fr\/index.php?rest_route=\/wp\/v2\/users\/1"}],"replies":[{"embeddable":true,"href":"https:\/\/www.choraledescordeliers.fr\/index.php?rest_route=%2Fwp%2Fv2%2Fcomments&post=233"}],"version-history":[{"count":17,"href":"https:\/\/www.choraledescordeliers.fr\/index.php?rest_route=\/wp\/v2\/pages\/233\/revisions"}],"predecessor-version":[{"id":2890,"href":"https:\/\/www.choraledescordeliers.fr\/index.php?rest_route=\/wp\/v2\/pages\/233\/revisions\/2890"}],"up":[{"embeddable":true,"href":"https:\/\/www.choraledescordeliers.fr\/index.php?rest_route=\/wp\/v2\/pages\/214"}],"wp:attachment":[{"href":"https:\/\/www.choraledescordeliers.fr\/index.php?rest_route=%2Fwp%2Fv2%2Fmedia&parent=233"}],"curies":[{"name":"wp","href":"https:\/\/api.w.org\/{rel}","templated":true}]}}