{"id":37,"date":"2012-09-19T16:26:51","date_gmt":"2012-09-19T14:26:51","guid":{"rendered":"http:\/\/choraledescordeliers.fr\/?page_id=37"},"modified":"2026-04-20T18:35:26","modified_gmt":"2026-04-20T16:35:26","slug":"bienvenue-sur-le-site-de-la-chorale-des-cordeliers-2","status":"publish","type":"page","link":"https:\/\/www.choraledescordeliers.fr\/","title":{"rendered":"Bienvenue !"},"content":{"rendered":"\n<h2 class=\"wp-block-heading\"><strong>NOTRE PROCHAIN CONCERT pour l&rsquo;ann\u00e9e 2026<\/strong><\/h2>\n\n\n\n<figure class=\"wp-block-image size-large\"><a href=\"https:\/\/www.choraledescordeliers.fr\/wp-content\/uploads\/2026\/02\/image.png\"><img decoding=\"async\" loading=\"lazy\" width=\"683\" height=\"1024\" src=\"https:\/\/www.choraledescordeliers.fr\/wp-content\/uploads\/2026\/02\/image-683x1024.png\" alt=\"\" class=\"wp-image-3201\" srcset=\"https:\/\/www.choraledescordeliers.fr\/wp-content\/uploads\/2026\/02\/image-683x1024.png 683w, https:\/\/www.choraledescordeliers.fr\/wp-content\/uploads\/2026\/02\/image-200x300.png 200w, https:\/\/www.choraledescordeliers.fr\/wp-content\/uploads\/2026\/02\/image-768x1152.png 768w, https:\/\/www.choraledescordeliers.fr\/wp-content\/uploads\/2026\/02\/image.png 877w\" sizes=\"(max-width: 683px) 100vw, 683px\" \/><\/a><\/figure>\n\n\n\n<p>La <strong>Chorale des Cordeliers<\/strong> vous invite \u00e0 d\u00e9couvrir une \u0153uvre solaire et profonde : la <strong><em>Navidad Nuestra<\/em><\/strong>. Compos\u00e9e en 1964 par le grand <strong>Ariel Ram\u00edrez<\/strong> sur des textes du po\u00e8te <strong>F\u00e9lix Luna<\/strong>, cette suite chorale est bien plus qu&rsquo;une simple c\u00e9l\u00e9bration de la Nativit\u00e9.<\/p>\n\n\n\n<p>C&rsquo;est une \u0153uvre \u00ab\u00a0criolla\u00a0\u00bb (cr\u00e9ole) qui transporte le r\u00e9cit biblique dans les paysages grandioses du nord de l&rsquo;Argentine. Ici, point de neige ni de cath\u00e9drales : Marie est une jeune fille de la campagne, l&rsquo;Ange Gabriel arrive comme un cavalier sur un rayon de soleil, et les Rois Mages offrent un poncho de laine d&rsquo;alpaga et du miel sauvage.<\/p>\n\n\n\n<p>Chaque tableau de l&rsquo;\u0153uvre est port\u00e9 par un rythme folklorique diff\u00e9rent, v\u00e9ritable battement de c\u0153ur du peuple argentin :<\/p>\n\n\n\n<ul>\n<li><strong>La Anunciaci\u00f3n :<\/strong> Un <em>Chamam\u00e9<\/em> fluide et \u00e9l\u00e9gant pour le salut de l&rsquo;ange.<\/li>\n\n\n\n<li><strong>La Peregrinaci\u00f3n :<\/strong> Une <em>Huella<\/em>, marche rythm\u00e9e \u00e9voquant le pas de l&rsquo;\u00e2ne et la poussi\u00e8re des chemins de terre.<\/li>\n\n\n\n<li><strong>El Nacimiento :<\/strong> Une <em>Vidala<\/em>, berceuse mystique et recueillie venue des montagnes.<\/li>\n\n\n\n<li><strong>Los Reyes Magos :<\/strong> Un <em>Takirari<\/em> festif, aux couleurs des carnavals des Andes.<\/li>\n\n\n\n<li><strong>El Huida :<\/strong> Un <em>Vidala-tucumana<\/em> qui exprime l&rsquo;urgence de la fuite en \u00c9gypte.<\/li>\n\n\n\n<li><strong>El Chiquirr\u00edn :<\/strong> Un <em>Gato<\/em> joyeux et final pour c\u00e9l\u00e9brer la vie.<\/li>\n<\/ul>\n\n\n\n<p>Laissez-vous emporter par cette musique de terre et d&rsquo;esprit, o\u00f9 la solennit\u00e9 du sacr\u00e9 s&rsquo;unit \u00e0 la ferveur de la danse.<\/p>\n\n\n\n<p><strong>=================================================================<\/strong><\/p>\n\n\n\n<p><strong>La Chorale des Cordeliers chante No\u00ebl :<\/strong><\/p>\n\n\n\n<figure class=\"wp-block-image size-large\"><a href=\"https:\/\/www.choraledescordeliers.fr\/wp-content\/uploads\/2025\/12\/image-2.png\"><img decoding=\"async\" loading=\"lazy\" width=\"712\" height=\"1024\" src=\"https:\/\/www.choraledescordeliers.fr\/wp-content\/uploads\/2025\/12\/image-2-712x1024.png\" alt=\"\" class=\"wp-image-3186\" srcset=\"https:\/\/www.choraledescordeliers.fr\/wp-content\/uploads\/2025\/12\/image-2-712x1024.png 712w, https:\/\/www.choraledescordeliers.fr\/wp-content\/uploads\/2025\/12\/image-2-209x300.png 209w, https:\/\/www.choraledescordeliers.fr\/wp-content\/uploads\/2025\/12\/image-2-768x1105.png 768w, https:\/\/www.choraledescordeliers.fr\/wp-content\/uploads\/2025\/12\/image-2.png 914w\" sizes=\"(max-width: 712px) 100vw, 712px\" \/><\/a><\/figure>\n\n\n\n<figure class=\"wp-block-image size-large\"><a href=\"https:\/\/www.choraledescordeliers.fr\/wp-content\/uploads\/2025\/12\/image-3.png\"><img decoding=\"async\" loading=\"lazy\" width=\"712\" height=\"1024\" src=\"https:\/\/www.choraledescordeliers.fr\/wp-content\/uploads\/2025\/12\/image-3-712x1024.png\" alt=\"\" class=\"wp-image-3187\" srcset=\"https:\/\/www.choraledescordeliers.fr\/wp-content\/uploads\/2025\/12\/image-3-712x1024.png 712w, https:\/\/www.choraledescordeliers.fr\/wp-content\/uploads\/2025\/12\/image-3-209x300.png 209w, https:\/\/www.choraledescordeliers.fr\/wp-content\/uploads\/2025\/12\/image-3-768x1105.png 768w, https:\/\/www.choraledescordeliers.fr\/wp-content\/uploads\/2025\/12\/image-3.png 914w\" sizes=\"(max-width: 712px) 100vw, 712px\" \/><\/a><\/figure>\n\n\n\n<figure class=\"wp-block-image size-large is-resized\"><a href=\"https:\/\/www.choraledescordeliers.fr\/wp-content\/uploads\/2025\/12\/image-1.png\"><img decoding=\"async\" loading=\"lazy\" src=\"https:\/\/www.choraledescordeliers.fr\/wp-content\/uploads\/2025\/12\/image-1-712x1024.png\" alt=\"\" class=\"wp-image-3185\" width=\"716\" height=\"1029\" srcset=\"https:\/\/www.choraledescordeliers.fr\/wp-content\/uploads\/2025\/12\/image-1-712x1024.png 712w, https:\/\/www.choraledescordeliers.fr\/wp-content\/uploads\/2025\/12\/image-1-209x300.png 209w, https:\/\/www.choraledescordeliers.fr\/wp-content\/uploads\/2025\/12\/image-1-768x1105.png 768w, https:\/\/www.choraledescordeliers.fr\/wp-content\/uploads\/2025\/12\/image-1.png 914w\" sizes=\"(max-width: 716px) 100vw, 716px\" \/><\/a><\/figure>\n\n\n\n<figure class=\"wp-block-image size-large is-resized\"><a href=\"https:\/\/www.choraledescordeliers.fr\/wp-content\/uploads\/2025\/12\/image-4.png\"><img decoding=\"async\" loading=\"lazy\" src=\"https:\/\/www.choraledescordeliers.fr\/wp-content\/uploads\/2025\/12\/image-4-712x1024.png\" alt=\"\" class=\"wp-image-3188\" width=\"719\" height=\"1034\" srcset=\"https:\/\/www.choraledescordeliers.fr\/wp-content\/uploads\/2025\/12\/image-4-712x1024.png 712w, https:\/\/www.choraledescordeliers.fr\/wp-content\/uploads\/2025\/12\/image-4-209x300.png 209w, https:\/\/www.choraledescordeliers.fr\/wp-content\/uploads\/2025\/12\/image-4-768x1105.png 768w, https:\/\/www.choraledescordeliers.fr\/wp-content\/uploads\/2025\/12\/image-4.png 914w\" sizes=\"(max-width: 719px) 100vw, 719px\" \/><\/a><\/figure>\n\n\n\n<figure class=\"wp-block-image size-full\"><a href=\"https:\/\/www.choraledescordeliers.fr\/wp-content\/uploads\/2025\/12\/image.png\"><img decoding=\"async\" loading=\"lazy\" width=\"513\" height=\"696\" src=\"https:\/\/www.choraledescordeliers.fr\/wp-content\/uploads\/2025\/12\/image.png\" alt=\"\" class=\"wp-image-3184\" srcset=\"https:\/\/www.choraledescordeliers.fr\/wp-content\/uploads\/2025\/12\/image.png 513w, https:\/\/www.choraledescordeliers.fr\/wp-content\/uploads\/2025\/12\/image-221x300.png 221w\" sizes=\"(max-width: 513px) 100vw, 513px\" \/><\/a><\/figure>\n\n\n\n<figure class=\"wp-block-image size-large\"><a href=\"https:\/\/www.choraledescordeliers.fr\/wp-content\/uploads\/2025\/12\/image-5.png\"><img decoding=\"async\" loading=\"lazy\" width=\"602\" height=\"1024\" src=\"https:\/\/www.choraledescordeliers.fr\/wp-content\/uploads\/2025\/12\/image-5-602x1024.png\" alt=\"\" class=\"wp-image-3191\" srcset=\"https:\/\/www.choraledescordeliers.fr\/wp-content\/uploads\/2025\/12\/image-5-602x1024.png 602w, https:\/\/www.choraledescordeliers.fr\/wp-content\/uploads\/2025\/12\/image-5-176x300.png 176w, https:\/\/www.choraledescordeliers.fr\/wp-content\/uploads\/2025\/12\/image-5.png 616w\" sizes=\"(max-width: 602px) 100vw, 602px\" \/><\/a><\/figure>\n\n\n\n<figure class=\"wp-block-image size-large\"><a href=\"https:\/\/www.choraledescordeliers.fr\/wp-content\/uploads\/2025\/12\/image-6.png\"><img decoding=\"async\" loading=\"lazy\" width=\"724\" height=\"1024\" src=\"https:\/\/www.choraledescordeliers.fr\/wp-content\/uploads\/2025\/12\/image-6-724x1024.png\" alt=\"\" class=\"wp-image-3194\" srcset=\"https:\/\/www.choraledescordeliers.fr\/wp-content\/uploads\/2025\/12\/image-6-724x1024.png 724w, https:\/\/www.choraledescordeliers.fr\/wp-content\/uploads\/2025\/12\/image-6-212x300.png 212w, https:\/\/www.choraledescordeliers.fr\/wp-content\/uploads\/2025\/12\/image-6-768x1086.png 768w, https:\/\/www.choraledescordeliers.fr\/wp-content\/uploads\/2025\/12\/image-6-1086x1536.png 1086w, https:\/\/www.choraledescordeliers.fr\/wp-content\/uploads\/2025\/12\/image-6-1448x2048.png 1448w\" sizes=\"(max-width: 724px) 100vw, 724px\" \/><\/a><\/figure>\n\n\n\n<p class=\"has-text-align-center\"><strong><em><a href=\"https:\/\/drive.usercontent.google.com\/download?id=1TwHqJIF0yPGcK2vjFIixKXLAchdVyAWD&amp;export=download&amp;authuser=0&amp;confirm=t&amp;uuid=ecbf28b0-713c-4db8-af1f-a2822d49909d&amp;at=AN8xHorXZ7MEaeLLuIbQkGJa1gI5:1756099385104\">PROGRAMME PRINTEMPS &#8211; 2026<\/a><\/em><\/strong><\/p>\n\n\n\n<figure class=\"wp-block-image size-large\"><a href=\"https:\/\/www.choraledescordeliers.fr\/wp-content\/uploads\/2025\/08\/image-1.png\"><img decoding=\"async\" loading=\"lazy\" width=\"694\" height=\"1024\" src=\"https:\/\/www.choraledescordeliers.fr\/wp-content\/uploads\/2025\/08\/image-1-694x1024.png\" alt=\"\" class=\"wp-image-3177\" srcset=\"https:\/\/www.choraledescordeliers.fr\/wp-content\/uploads\/2025\/08\/image-1-694x1024.png 694w, https:\/\/www.choraledescordeliers.fr\/wp-content\/uploads\/2025\/08\/image-1-203x300.png 203w, https:\/\/www.choraledescordeliers.fr\/wp-content\/uploads\/2025\/08\/image-1-768x1133.png 768w, https:\/\/www.choraledescordeliers.fr\/wp-content\/uploads\/2025\/08\/image-1.png 810w\" sizes=\"(max-width: 694px) 100vw, 694px\" \/><\/a><\/figure>\n\n\n\n<p><\/p>\n\n\n\n<h2 class=\"wp-block-heading\"><strong><em>PROGRAMME PRINTEMPS &#8211; 2025<\/em><\/strong><\/h2>\n\n\n\n<p><strong>Vid\u00e9o de notre concert du 25 Mai \u00e0 GUILLESTRE.<\/strong><\/p>\n\n\n\n<p>&#8211; lien vid\u00e9o :<\/p>\n\n\n\n<p><a href=\"https:\/\/youtu.be\/2qxEK246fnk?si=ZDQ7e9LH-aZ-SotR\">https:\/\/youtu.be\/2qxEK246fnk?si=ZDQ7e9LH-aZ-SotR<\/a><\/p>\n\n\n\n<p>&#8211; Regarder la vid\u00e9o sur l&rsquo;\u00e9cran de votre t\u00e9l\u00e9 : si votre box n&rsquo;est pas trop ancienne\u2026 allez sur \u00ab\u00a0YouTube\u00a0\u00bb et tapez :<\/p>\n\n\n\n<p><strong>Concert Mozart \u00e0 Guillestre &#8211; 2025 &#8211;<\/strong><\/p>\n\n\n<div class=\"wp-block-image\">\n<figure class=\"aligncenter size-large\"><a href=\"http:\/\/www.choraledescordeliers.fr\/wp-content\/uploads\/2025\/03\/Affiche-7-definitive.jpg\"><img decoding=\"async\" loading=\"lazy\" width=\"724\" height=\"1024\" src=\"http:\/\/www.choraledescordeliers.fr\/wp-content\/uploads\/2025\/03\/Affiche-7-definitive-724x1024.jpg\" alt=\"\" class=\"wp-image-3151\" srcset=\"https:\/\/www.choraledescordeliers.fr\/wp-content\/uploads\/2025\/03\/Affiche-7-definitive-724x1024.jpg 724w, https:\/\/www.choraledescordeliers.fr\/wp-content\/uploads\/2025\/03\/Affiche-7-definitive-212x300.jpg 212w, https:\/\/www.choraledescordeliers.fr\/wp-content\/uploads\/2025\/03\/Affiche-7-definitive-768x1086.jpg 768w, https:\/\/www.choraledescordeliers.fr\/wp-content\/uploads\/2025\/03\/Affiche-7-definitive-1086x1536.jpg 1086w, https:\/\/www.choraledescordeliers.fr\/wp-content\/uploads\/2025\/03\/Affiche-7-definitive.jpg 1241w\" sizes=\"(max-width: 724px) 100vw, 724px\" \/><\/a><\/figure><\/div>\n\n\n<p>Samedi 24 mai \u00e0 20 h 30, \u00e0 l&rsquo;\u00e9glise Saint-Roch \u00e0 Gap. Et dimanche 25 mai \u00e0 16 heures, \u00e0 l&rsquo;\u00e9glise de Guillestre.<\/p>\n\n\n\n<p>Vente de billets aux entr\u00e9es des concerts. Pour le concert de Gap, r\u00e9servation aupr\u00e8s de l&rsquo;office de tourisme de Gap &#8211; place Jean Marcellin &#8211; GAP<\/p>\n\n\n\n<p><\/p>\n\n\n\n<p>================================================================<\/p>\n\n\n\n<p class=\"has-text-align-center\"><span style=\"text-decoration: underline\"><span style=\"color: #0000ff;text-decoration: underline\"><em><strong><span style=\"font-size: 29.3333px\">PROGRAMME&nbsp; &#8211; 2024<br><\/span><\/strong><\/em><\/span><\/span><\/p>\n\n\n\n<div class=\"wp-block-file\"><a id=\"wp-block-file--media-253152c6-c94b-4f48-9fd9-4991d6a301d3\" href=\"http:\/\/www.choraledescordeliers.fr\/wp-content\/uploads\/2025\/03\/Programme-du-concert-pour-le-site-1-1.docx\">Programme-du-concert-pour-le-site-1-1<\/a><a href=\"http:\/\/www.choraledescordeliers.fr\/wp-content\/uploads\/2025\/03\/Programme-du-concert-pour-le-site-1-1.docx\" class=\"wp-block-file__button wp-element-button\" download aria-describedby=\"wp-block-file--media-253152c6-c94b-4f48-9fd9-4991d6a301d3\">T\u00e9l\u00e9charger<\/a><\/div>\n\n\n<div class=\"wp-block-image\">\n<figure class=\"aligncenter\"><a href=\"http:\/\/www.choraledescordeliers.fr\/wp-content\/uploads\/2012\/09\/Affiche-R\u00e9quiem-1.jpeg\"><img decoding=\"async\" loading=\"lazy\" width=\"614\" height=\"1024\" src=\"http:\/\/www.choraledescordeliers.fr\/wp-content\/uploads\/2012\/09\/Affiche-R\u00e9quiem-1-614x1024.jpeg\" alt=\"Affiche R\u00e9quiem 1\" class=\"wp-image-3112\" srcset=\"https:\/\/www.choraledescordeliers.fr\/wp-content\/uploads\/2012\/09\/Affiche-R\u00e9quiem-1-614x1024.jpeg 614w, https:\/\/www.choraledescordeliers.fr\/wp-content\/uploads\/2012\/09\/Affiche-R\u00e9quiem-1-180x300.jpeg 180w\" sizes=\"(max-width: 614px) 100vw, 614px\" \/><\/a><\/figure><\/div>\n\n\n<p class=\"has-text-align-center\"><\/p>\n\n\n<div class=\"wp-block-image\">\n<figure class=\"aligncenter\"><a href=\"http:\/\/www.choraledescordeliers.fr\/wp-content\/uploads\/2012\/09\/Affiche-Destino.jpg\"><img decoding=\"async\" loading=\"lazy\" width=\"614\" height=\"1024\" src=\"http:\/\/www.choraledescordeliers.fr\/wp-content\/uploads\/2012\/09\/Affiche-Destino-614x1024.jpg\" alt=\"Affiche Destino\" class=\"wp-image-3090\" srcset=\"https:\/\/www.choraledescordeliers.fr\/wp-content\/uploads\/2012\/09\/Affiche-Destino-614x1024.jpg 614w, https:\/\/www.choraledescordeliers.fr\/wp-content\/uploads\/2012\/09\/Affiche-Destino-180x300.jpg 180w\" sizes=\"(max-width: 614px) 100vw, 614px\" \/><\/a><\/figure><\/div>\n\n<div class=\"wp-block-image\">\n<figure class=\"aligncenter\"><a href=\"http:\/\/www.choraledescordeliers.fr\/wp-content\/uploads\/2012\/09\/Du-NORD-au-SUD-2.jpg\"><img decoding=\"async\" loading=\"lazy\" width=\"725\" height=\"1024\" src=\"http:\/\/www.choraledescordeliers.fr\/wp-content\/uploads\/2012\/09\/Du-NORD-au-SUD-2-725x1024.jpg\" alt=\"Du NORD au SUD 2\" class=\"wp-image-3091\" srcset=\"https:\/\/www.choraledescordeliers.fr\/wp-content\/uploads\/2012\/09\/Du-NORD-au-SUD-2-725x1024.jpg 725w, https:\/\/www.choraledescordeliers.fr\/wp-content\/uploads\/2012\/09\/Du-NORD-au-SUD-2-212x300.jpg 212w, https:\/\/www.choraledescordeliers.fr\/wp-content\/uploads\/2012\/09\/Du-NORD-au-SUD-2.jpg 1241w\" sizes=\"(max-width: 725px) 100vw, 725px\" \/><\/a><\/figure><\/div>\n\n\n<p class=\"has-text-align-center\"><\/p>\n\n\n\n<div class=\"group-left-2 col-md-8\">\n<div id=\"presentation\" class=\"group-presentation \">\n<div class=\"field field-name-field-descriptif-detaille field-type-text-long field-label-hidden\">\n<div class=\"field-items\">\n<table style=\"height: 7px\" border=\"0\" width=\"5\" cellspacing=\"0\" cellpadding=\"4\" bgcolor=\"white\">\n<tbody>\n<tr>\n<td style=\"text-align: center\" colspan=\"3\" valign=\"TOP\">&nbsp;<\/td>\n<\/tr>\n<\/tbody>\n<\/table>\n<table border=\"0\" width=\"800\" cellspacing=\"0\" cellpadding=\"7\" bgcolor=\"white\">\n<tbody>\n<tr>\n<td valign=\"TOP\">&nbsp;<\/td>\n<\/tr>\n<\/tbody>\n<\/table>\n<p>&nbsp;<\/p>\n<table style=\"height: 3930px\" border=\"0\" width=\"576\" cellspacing=\"0\" cellpadding=\"7\" bgcolor=\"white\">\n<tbody>\n<tr>\n<td colspan=\"2\" valign=\"TOP\">&nbsp;<\/td>\n<\/tr>\n<tr>\n<td colspan=\"2\" valign=\"TOP\">&nbsp;<\/td>\n<\/tr>\n<tr>\n<td colspan=\"2\" valign=\"TOP\">&nbsp;<\/td>\n<\/tr>\n<tr>\n<td valign=\"TOP\" width=\"5%\">&nbsp;<\/td>\n<td valign=\"TOP\" width=\"95%\">&nbsp;<\/td>\n<\/tr>\n<tr>\n<td valign=\"TOP\" width=\"5%\" height=\"5\">&nbsp;<\/td>\n<td valign=\"TOP\" width=\"95%\" height=\"5\">&nbsp;<\/td>\n<\/tr>\n<tr>\n<td valign=\"TOP\" width=\"5%\" height=\"17\">&nbsp;<\/td>\n<td valign=\"TOP\" width=\"95%\" height=\"17\">&nbsp;<\/td>\n<\/tr>\n<tr>\n<td valign=\"TOP\" width=\"5%\">&nbsp;<\/td>\n<td valign=\"TOP\" width=\"95%\">&nbsp;<\/td>\n<\/tr>\n<tr>\n<td valign=\"TOP\" width=\"5%\">&nbsp;<\/td>\n<td valign=\"TOP\" width=\"95%\">&nbsp;<\/td>\n<\/tr>\n<tr>\n<td valign=\"TOP\" width=\"5%\" height=\"5\">&nbsp;<\/td>\n<td valign=\"TOP\" width=\"95%\" height=\"5\">&nbsp;<\/td>\n<\/tr>\n<tr>\n<td valign=\"TOP\" width=\"5%\" height=\"17\">&nbsp;<\/td>\n<td valign=\"TOP\" width=\"95%\" height=\"17\">&nbsp;<\/td>\n<\/tr>\n<tr>\n<td valign=\"TOP\" width=\"5%\">&nbsp;<\/td>\n<td valign=\"TOP\" width=\"95%\">&nbsp;<\/td>\n<\/tr>\n<tr>\n<td valign=\"TOP\" width=\"5%\">&nbsp;<\/td>\n<td valign=\"TOP\" width=\"95%\">&nbsp;<\/td>\n<\/tr>\n<tr>\n<td valign=\"TOP\" width=\"5%\" height=\"5\">&nbsp;<\/td>\n<td valign=\"TOP\" width=\"95%\" height=\"5\">&nbsp;<\/td>\n<\/tr>\n<tr>\n<td valign=\"TOP\" width=\"5%\" height=\"17\">&nbsp;<\/td>\n<td valign=\"TOP\" width=\"95%\" height=\"17\">&nbsp;<\/td>\n<\/tr>\n<tr>\n<td valign=\"TOP\" width=\"5%\">&nbsp;<\/td>\n<td valign=\"TOP\" width=\"95%\">&nbsp;<\/td>\n<\/tr>\n<tr>\n<td valign=\"TOP\" width=\"5%\">&nbsp;<\/td>\n<td valign=\"TOP\" width=\"95%\">&nbsp;<\/td>\n<\/tr>\n<tr>\n<td valign=\"TOP\" width=\"5%\" height=\"5\">&nbsp;<\/td>\n<td valign=\"TOP\" width=\"95%\" height=\"5\">&nbsp;<\/td>\n<\/tr>\n<tr>\n<td valign=\"TOP\" width=\"5%\" height=\"17\">&nbsp;<\/td>\n<td valign=\"TOP\" width=\"95%\" height=\"17\">&nbsp;<\/td>\n<\/tr>\n<tr>\n<td valign=\"TOP\" width=\"5%\">&nbsp;<\/td>\n<td valign=\"TOP\" width=\"95%\">&nbsp;<\/td>\n<\/tr>\n<tr>\n<td valign=\"TOP\" width=\"5%\">&nbsp;<\/td>\n<td valign=\"TOP\" width=\"95%\">&nbsp;<\/td>\n<\/tr>\n<tr>\n<td valign=\"TOP\" width=\"5%\" height=\"5\">&nbsp;<\/td>\n<td valign=\"TOP\" width=\"95%\" height=\"5\">&nbsp;<\/td>\n<\/tr>\n<tr>\n<td valign=\"TOP\" width=\"5%\" height=\"17\">&nbsp;<\/td>\n<td valign=\"TOP\" width=\"95%\" height=\"17\">&nbsp;<\/td>\n<\/tr>\n<tr>\n<td valign=\"TOP\" width=\"5%\">&nbsp;<\/td>\n<td valign=\"TOP\" width=\"95%\">&nbsp;<\/td>\n<\/tr>\n<tr>\n<td valign=\"TOP\" width=\"5%\">&nbsp;<\/td>\n<td valign=\"TOP\" width=\"95%\">&nbsp;<\/td>\n<\/tr>\n<tr>\n<td valign=\"TOP\" width=\"5%\" height=\"5\">&nbsp;<\/td>\n<td valign=\"TOP\" width=\"95%\" height=\"5\">&nbsp;<\/td>\n<\/tr>\n<tr>\n<td valign=\"TOP\" width=\"5%\" height=\"17\">&nbsp;<\/td>\n<td valign=\"TOP\" width=\"95%\" height=\"17\">&nbsp;<\/td>\n<\/tr>\n<tr>\n<td valign=\"TOP\" width=\"5%\">&nbsp;<\/td>\n<td valign=\"TOP\" width=\"95%\">&nbsp;<\/td>\n<\/tr>\n<tr>\n<td valign=\"TOP\" width=\"5%\">&nbsp;<\/td>\n<td valign=\"TOP\" width=\"95%\">&nbsp;<\/td>\n<\/tr>\n<tr>\n<td valign=\"TOP\" width=\"5%\" height=\"5\">&nbsp;<\/td>\n<td valign=\"TOP\" width=\"95%\" height=\"5\">&nbsp;<\/td>\n<\/tr>\n<tr>\n<td valign=\"TOP\" width=\"5%\" height=\"17\">&nbsp;<\/td>\n<td valign=\"TOP\" width=\"95%\" height=\"17\">&nbsp;<\/td>\n<\/tr>\n<tr>\n<td valign=\"TOP\" width=\"5%\">&nbsp;<\/td>\n<td valign=\"TOP\" width=\"95%\">&nbsp;<\/td>\n<\/tr>\n<tr>\n<td valign=\"TOP\" width=\"5%\">&nbsp;<\/td>\n<td valign=\"TOP\" width=\"95%\">&nbsp;<\/td>\n<\/tr>\n<tr>\n<td valign=\"TOP\" width=\"5%\" height=\"5\">&nbsp;<\/td>\n<td valign=\"TOP\" width=\"95%\" height=\"5\">&nbsp;<\/td>\n<\/tr>\n<tr>\n<td valign=\"TOP\" width=\"5%\" height=\"17\">&nbsp;<\/td>\n<td valign=\"TOP\" width=\"95%\" height=\"17\">&nbsp;<\/td>\n<\/tr>\n<tr>\n<td valign=\"TOP\" width=\"5%\">&nbsp;<\/td>\n<td valign=\"TOP\" width=\"95%\">&nbsp;<\/td>\n<\/tr>\n<tr>\n<td valign=\"TOP\" width=\"5%\">&nbsp;<\/td>\n<td valign=\"TOP\" width=\"95%\">&nbsp;<\/td>\n<\/tr>\n<tr>\n<td valign=\"TOP\" width=\"5%\" height=\"5\">&nbsp;<\/td>\n<td valign=\"TOP\" width=\"95%\" height=\"5\">&nbsp;<\/td>\n<\/tr>\n<tr>\n<td valign=\"TOP\" width=\"5%\" height=\"17\">&nbsp;<\/td>\n<td valign=\"TOP\" width=\"95%\" height=\"17\">&nbsp;<\/td>\n<\/tr>\n<tr>\n<td valign=\"TOP\" width=\"5%\">&nbsp;<\/td>\n<td valign=\"TOP\" width=\"95%\">&nbsp;<\/td>\n<\/tr>\n<tr>\n<td valign=\"TOP\" width=\"5%\">&nbsp;<\/td>\n<td valign=\"TOP\" width=\"95%\">&nbsp;<\/td>\n<\/tr>\n<tr>\n<td valign=\"TOP\" width=\"5%\" height=\"5\">&nbsp;<\/td>\n<td valign=\"TOP\" width=\"95%\" height=\"5\">&nbsp;<\/td>\n<\/tr>\n<tr>\n<td valign=\"TOP\" width=\"5%\" height=\"17\">&nbsp;<\/td>\n<td valign=\"TOP\" width=\"95%\" height=\"17\">&nbsp;<\/td>\n<\/tr>\n<tr>\n<td valign=\"TOP\" width=\"5%\">&nbsp;<\/td>\n<td valign=\"TOP\" width=\"95%\">&nbsp;<\/td>\n<\/tr>\n<tr>\n<td valign=\"TOP\" width=\"5%\">&nbsp;<\/td>\n<td valign=\"TOP\" width=\"95%\">&nbsp;<\/td>\n<\/tr>\n<tr>\n<td valign=\"TOP\" width=\"5%\" height=\"5\">&nbsp;<\/td>\n<td valign=\"TOP\" width=\"95%\" height=\"5\">&nbsp;<\/td>\n<\/tr>\n<tr>\n<td valign=\"TOP\" width=\"5%\" height=\"17\">&nbsp;<\/td>\n<td valign=\"TOP\" width=\"95%\" height=\"17\">&nbsp;<\/td>\n<\/tr>\n<tr>\n<td valign=\"TOP\" width=\"5%\">&nbsp;<\/td>\n<td valign=\"TOP\" width=\"95%\">&nbsp;<\/td>\n<\/tr>\n<tr>\n<td valign=\"TOP\" width=\"5%\">&nbsp;<\/td>\n<td valign=\"TOP\" width=\"95%\">&nbsp;<\/td>\n<\/tr>\n<tr>\n<td valign=\"TOP\" width=\"5%\" height=\"5\">&nbsp;<\/td>\n<td valign=\"TOP\" width=\"95%\" height=\"5\">&nbsp;<\/td>\n<\/tr>\n<tr>\n<td valign=\"TOP\" width=\"5%\" height=\"17\">&nbsp;<\/td>\n<td valign=\"TOP\" width=\"95%\" height=\"17\">&nbsp;<\/td>\n<\/tr>\n<\/tbody>\n<\/table>\n<\/div>\n<\/div>\n<\/div>\n<\/div>\n\n\n\n<figure class=\"wp-block-table\"><table><tbody><tr><td>&nbsp;<\/td><\/tr><tr><td>&nbsp;<\/td><\/tr><\/tbody><\/table><\/figure>\n\n\n\n<pre class=\"wp-block-preformatted\"><\/pre>\n","protected":false},"excerpt":{"rendered":"<p>NOTRE PROCHAIN CONCERT pour l&rsquo;ann\u00e9e 2026 La Chorale des Cordeliers vous invite \u00e0 d\u00e9couvrir une \u0153uvre solaire et profonde : la Navidad Nuestra. Compos\u00e9e en 1964 par le grand Ariel Ram\u00edrez sur des textes du po\u00e8te F\u00e9lix Luna, cette suite &hellip; <a href=\"https:\/\/www.choraledescordeliers.fr\/\">Lire la suite <span class=\"meta-nav\">&rarr;<\/span><\/a><\/p>\n","protected":false},"author":1,"featured_media":0,"parent":0,"menu_order":0,"comment_status":"closed","ping_status":"open","template":"","meta":[],"_links":{"self":[{"href":"https:\/\/www.choraledescordeliers.fr\/index.php?rest_route=\/wp\/v2\/pages\/37"}],"collection":[{"href":"https:\/\/www.choraledescordeliers.fr\/index.php?rest_route=\/wp\/v2\/pages"}],"about":[{"href":"https:\/\/www.choraledescordeliers.fr\/index.php?rest_route=\/wp\/v2\/types\/page"}],"author":[{"embeddable":true,"href":"https:\/\/www.choraledescordeliers.fr\/index.php?rest_route=\/wp\/v2\/users\/1"}],"replies":[{"embeddable":true,"href":"https:\/\/www.choraledescordeliers.fr\/index.php?rest_route=%2Fwp%2Fv2%2Fcomments&post=37"}],"version-history":[{"count":195,"href":"https:\/\/www.choraledescordeliers.fr\/index.php?rest_route=\/wp\/v2\/pages\/37\/revisions"}],"predecessor-version":[{"id":3204,"href":"https:\/\/www.choraledescordeliers.fr\/index.php?rest_route=\/wp\/v2\/pages\/37\/revisions\/3204"}],"wp:attachment":[{"href":"https:\/\/www.choraledescordeliers.fr\/index.php?rest_route=%2Fwp%2Fv2%2Fmedia&parent=37"}],"curies":[{"name":"wp","href":"https:\/\/api.w.org\/{rel}","templated":true}]}}