{"id":500,"date":"2012-09-26T10:37:28","date_gmt":"2012-09-26T08:37:28","guid":{"rendered":"http:\/\/www.choraledescordeliers.fr\/?page_id=500"},"modified":"2020-04-22T12:58:09","modified_gmt":"2020-04-22T10:58:09","slug":"galerie-de-photos","status":"publish","type":"page","link":"https:\/\/www.choraledescordeliers.fr\/?page_id=500","title":{"rendered":"Galerie photos"},"content":{"rendered":"<p><span style=\"text-decoration: underline\"><strong>50 ans du Chef !<\/strong><\/span><\/p>\n<p><iframe loading=\"lazy\" width=\"584\" height=\"329\" src=\"https:\/\/www.youtube.com\/embed\/fMv7Eyay2k4?feature=oembed\" frameborder=\"0\" allow=\"accelerometer; autoplay; encrypted-media; gyroscope; picture-in-picture\" allowfullscreen><\/iframe><\/p>\n<p><strong><span style=\"text-decoration: underline\">Soir\u00e9e festive \u00e0 La Batie Neuve \u00ab\u00a0Les contes\u00a0\u00bb\u00a0 2019\u00a0 :<\/span><\/strong><\/p>\n<p>Une bien belle soir\u00e9e \u00e0 la B\u00e2tie Neuve, ce samedi soir 2 mars 2019. Voici quelques photos :<\/p>\n<p><a href=\"http:\/\/www.choraledescordeliers.fr\/wp-content\/uploads\/2012\/09\/Carnaval-20191.pdf\">Carnaval 2019<\/a><\/p>\n<p>Photos de Marido :<\/p>\n<p><a href=\"https:\/\/photos.app.goo.gl\/Z9QcooKVjjFSDnbq6\" target=\"_blank\">https:\/\/photos.app.goo.gl\/Z9QcooKVjjFSDnbq6<\/a><\/p>\n<p><strong><span style=\"text-decoration: underline\">Soir\u00e9e festive \u00e0 Chateauvieux \u00ab\u00a0Les Cara\u00efbes\u00a0\u00bb\u00a0 2018\u00a0 :<\/span><\/strong><\/p>\n<p style=\"text-align: center\"><a href=\"http:\/\/www.choraledescordeliers.fr\/wp-content\/uploads\/2012\/09\/IMAGES_Page_1.png\"><img decoding=\"async\" loading=\"lazy\" class=\"aligncenter size-large wp-image-2190\" src=\"http:\/\/www.choraledescordeliers.fr\/wp-content\/uploads\/2012\/09\/IMAGES_Page_1-724x1024.png\" alt=\"IMAGES_Page_1\" width=\"584\" height=\"826\" srcset=\"https:\/\/www.choraledescordeliers.fr\/wp-content\/uploads\/2012\/09\/IMAGES_Page_1-724x1024.png 724w, https:\/\/www.choraledescordeliers.fr\/wp-content\/uploads\/2012\/09\/IMAGES_Page_1-212x300.png 212w, https:\/\/www.choraledescordeliers.fr\/wp-content\/uploads\/2012\/09\/IMAGES_Page_1.png 1654w\" sizes=\"(max-width: 584px) 100vw, 584px\" \/><\/a>Vid\u00e9os montage Yvan SERRES :<\/p>\n<p style=\"text-align: center\"><a href=\"https:\/\/photos.app.goo.gl\/Aw0U0lvHqb8M0vsB3\" target=\"_blank\">Soir\u00e9e Cara\u00efbes<\/a><\/p>\n<p style=\"text-align: center\"><a href=\"https:\/\/photos.app.goo.gl\/XTY1JOJyrN7ViNYr1\" target=\"_blank\">https:\/\/photos.app.goo.gl\/XTY1JOJyrN7ViNYr1<\/a><\/p>\n<p style=\"text-align: center\"><span style=\"text-decoration: underline\"><strong>\u00a0 ====================\u00a0\u00a0\u00a0\u00a0\u00a0 Soir\u00e9e festive\u00a0\u00a0 2017\u00a0\u00a0 ========================<\/strong><\/span><\/p>\n<p><a href=\"https:\/\/photos.app.goo.gl\/96YTeyEO3kQgBsxi1\" target=\"_blank\">https:\/\/photos.app.goo.gl\/96YTeyEO3kQgBsxi1<\/a><\/p>\n<p>&nbsp;<\/p>\n<p><iframe loading=\"lazy\" width=\"584\" height=\"438\" src=\"https:\/\/www.youtube.com\/embed\/QkJ_vrUDmOM?feature=oembed\" frameborder=\"0\" allowfullscreen><\/iframe><\/p>\n<p>&nbsp;<\/p>\n<p><iframe loading=\"lazy\" width=\"584\" height=\"329\" src=\"https:\/\/www.youtube.com\/embed\/YSqYkx-9iOI?feature=oembed\" frameborder=\"0\" allowfullscreen><\/iframe><\/p>\n<p style=\"text-align: left\"><strong>50 ANS DES AMIS DE L&rsquo;ORGUE :<\/strong><\/p>\n<p><iframe loading=\"lazy\" width=\"584\" height=\"329\" src=\"https:\/\/www.youtube.com\/embed\/CGg6wCoftQw?feature=oembed\" frameborder=\"0\" allowfullscreen><\/iframe><\/p>\n<p style=\"text-align: left\"><span style=\"text-decoration: underline\"><strong>Anniversaire de Nicole &#8211; dimanche 14 juin 2015 &#8211; photos de Marie-do :<\/strong><\/span><\/p>\n<p style=\"text-align: left\"><strong>\u00a0ANS DES AMIS DE L&rsquo;ORGUE :<\/strong><\/p>\n<p>https:\/\/replayapp.com\/v\/tHEqDjCQZo\/<\/p>\n<p style=\"text-align: left\"><strong>Anniversaire de Nicole &#8211; dimanche 14 juin 2015 &#8211; montage vid\u00e9o Yvan Serres.<\/strong><\/p>\n<p style=\"text-align: left\"><a href=\"http:\/\/www.youtube.com\/watch?v=ZaBXR85JueY\" target=\"_blank\">http:\/\/www.youtube.com\/watch?v=ZaBXR85JueY<\/a><\/p>\n<p style=\"text-align: left\"><strong>Soir\u00e9e festive du 14 F\u00e9vrier 2015 : \u00a0photos Marie-Do<\/strong><\/p>\n<p style=\"text-align: left\"><a href=\"https:\/\/plus.google.com\/photos\/101358265009495274703\/albums\/6116678131561685569?authkey=CKjR3JyjoJSyYg\" target=\"_blank\">https:\/\/plus.google.com\/photos\/101358265009495274703\/albums\/6116678131561685569?authkey=CKjR3JyjoJSyYg<\/a><\/p>\n<p><iframe loading=\"lazy\" width=\"584\" height=\"329\" src=\"https:\/\/www.youtube.com\/embed\/meaQ5JUS7D8?feature=oembed\" frameborder=\"0\" allowfullscreen><\/iframe><\/p>\n<p style=\"text-align: left\"><strong>Videos Marie -Do :<\/strong><\/p>\n<p style=\"text-align: left\"><strong>Le petit chaperon rouge\u00a0<\/strong>(\u00a0chant\u00e9 par Michel et Marie-Jeanne)<\/p>\n<p style=\"text-align: left\"><a href=\"https:\/\/www.dropbox.com\/s\/lkrahctwxs4immh\/P1080038.MP4?dl=0\">https:\/\/www.dropbox.com\/s\/lkrahctwxs4immh\/P1080038.MP4?dl=0<\/a><\/p>\n<p style=\"text-align: left\"><strong>J\u2019ai descendu dans ton jardin\u00a0<\/strong><span style=\"font-size: medium\">(version m\u00e9chante) par Babeth Judet<\/span><\/p>\n<p style=\"text-align: left\"><a href=\"https:\/\/www.dropbox.com\/s\/lc6ehv5un6lnpbo\/P1080022.MP4?dl=0\">https:\/\/www.dropbox.com\/s\/lc6ehv5un6lnpbo\/P1080022.MP4?dl=0<\/a><\/p>\n<p style=\"text-align: left\"><strong>Ma dent, ma petite dent\u00a0<\/strong>(par Brigitte Gru\u00e8re<\/p>\n<p style=\"text-align: left\"><a title=\"https:\/\/www.dropbox.com\/s\/u0nth4o33lvfdj0\/P1080029.MP4?dl=0\" href=\"https:\/\/www.dropbox.com\/s\/u0nth4o33lvfdj0\/P1080029.MP4?dl=0\" target=\"_blank\">https:\/\/www.dropbox.com\/s\/u0nth4o33lvfdj0\/P1080029.MP4?dl=0<\/a><\/p>\n<p style=\"text-align: left\"><strong>============================================================<\/strong><\/p>\n<p style=\"text-align: left\"><span style=\"text-decoration: underline\"><em><strong>Soir\u00e9e festive \u00e0 Pelleautier\u00a0 &#8211;\u00a0 15 F\u00e9vrier 2014\u00a0 &#8211; (photos Roger Marchetto)<br \/>\n<\/strong><\/em><\/span><\/p>\n<p style=\"text-align: left\"><em><a href=\"https:\/\/plus.google.com\/photos\/100387272158642592471\/albums\/5982790527929526817?authkey=CKq3-Y7E5Y-KHQ\" target=\"_blank\">https:\/\/plus.google.com\/photos\/100387272158642592471\/albums\/5982790527929526817?authkey=CKq3-Y7E5Y-KHQ<\/a><br \/>\n<\/em><\/p>\n<p style=\"text-align: left\"><strong><span style=\"text-decoration: underline\">Alice et l&rsquo;\u00e2ne Bouchon :<\/span><\/strong>\u00a0\u00a0\u00a0\u00a0\u00a0 supportez sto\u00efquement une minute de pub et allez \u00e0 la minute 58 de l&rsquo;\u00e9mission<\/p>\n<p><a href=\"http:\/\/www.equidiawatch.fr\/#\/video\/1670422\" target=\"_blank\">http:\/\/www.equidiawatch.fr\/#\/video\/1670422<\/a><\/p>\n<p style=\"text-align: left\"><strong>==================================================================<\/strong><\/p>\n<p><a>file:\/\/\/C:\/Documents%20and%20Settings\/MY%20COMPUTER\/Mes%20documents\/Exportations%C2%A0HTML%20Picasa\/Soir%C3%A9e%20Festive%20%C3%A0%20Pelleautier%20-%20F%C3%A9vrier%202014%20-\/index.html<\/a><\/p>\n<p style=\"text-align: left\"><span style=\"text-decoration: underline\"><strong>60 ans de notre Chef Michel : (photos Roger Marchetto)<br \/>\n<\/strong><\/span><\/p>\n<p><a title=\"60 ans de notre Chef Michel\" href=\"https:\/\/plus.google.com\/photos\/100387272158642592471\/albums\/5930799559250934913?authkey=CJSlgfSDkM2y4QE\" target=\"_blank\">https:\/\/plus.google.com\/photos\/100387272158642592471\/albums\/5930799559250934913?authkey=CJSlgfSDkM2y4QE<\/a><\/p>\n<p><span style=\"text-decoration: underline\"><strong>60 ans de notre Chef Michel : (photos Mari-do Gachet)<\/strong><\/span><\/p>\n<p><a href=\"http:\/\/www.choraledescordeliers.fr\/wp-content\/uploads\/2012\/09\/60-ans-MJBR.pdf\">60 ans MJBR<\/a><\/p>\n<p><a href=\"http:\/\/www.choraledescordeliers.fr\/wp-content\/uploads\/2012\/09\/0-Le-bol-tib\u00e9tain.pdf\">Le bol tib\u00e9tain<\/a><\/p>\n<p style=\"text-align: left\"><span style=\"text-decoration: underline\"><strong>F\u00eate de la Musique 21 Juin 2013 :<\/strong><\/span><\/p>\n<p style=\"text-align: left\"><a title=\"F\u00eate de la Musique\" href=\"https:\/\/plus.google.com\/photos\/104645640542582812624\/albums\/5894896667826473793\" target=\"_blank\">https:\/\/plus.google.com\/photos\/104645640542582812624\/albums\/5894896667826473793<\/a><\/p>\n<p style=\"text-align: left\"><span style=\"text-decoration: underline\"><strong>La Chorale c&rsquo;est aussi \u00e7a !<\/strong><\/span><\/p>\n<p style=\"text-align: left\"><a title=\"Chez Denise et Claude\" href=\"https:\/\/plus.google.com\/photos\/104645640542582812624\/albums\/5886027432954776609?authkey=CO_1geiEkris7wE\" target=\"_blank\">https:\/\/plus.google.com\/photos\/104645640542582812624\/albums\/5886027432954776609?authkey=CO_1geiEkris7wE<\/a><\/p>\n<p style=\"text-align: left\"><span style=\"text-decoration: underline\"><strong>CONCERT CHABOTTES :<\/strong><\/span><\/p>\n<p><a href=\"https:\/\/plus.google.com\/photos\/104645640542582812624\/albums\/5886990803443773793\" target=\"_blank\">https:\/\/plus.google.com\/photos\/104645640542582812624\/albums\/5886990803443773793<\/a><\/p>\n<p style=\"text-align: left\"><span style=\"text-decoration: underline\"><strong>CONCERT VALSERRES :<\/strong><\/span><\/p>\n<p style=\"text-align: left\"><a title=\"Concert \u00e0 Valserres\" href=\"https:\/\/plus.google.com\/photos\/104645640542582812624\/albums\/5886012721138559217\" target=\"_blank\">https:\/\/plus.google.com\/photos\/104645640542582812624\/albums\/5886012721138559217<\/a><\/p>\n<p style=\"text-align: left\"><strong>Diaporama de Madeleine Bellino :<\/strong> \u00a0 \u00a0 \u00a0 \u00a0 \u00a0 <a href=\"http:\/\/www.choraledescordeliers.fr\/wp-content\/uploads\/2012\/09\/Concert-\u00e0-Valserres.pdf\">Concert \u00e0 Valserres (diaporama)<\/a><\/p>\n<p style=\"text-align: left\"><span style=\"text-decoration: underline\"><strong>Vid\u00e9o Concert Valserres :<\/strong><\/span><\/p>\n<p style=\"text-align: left\"><a title=\"Vid\u00e9o Valserres\" href=\"https:\/\/docs.google.com\/file\/d\/0B-DJHaOyI9ywMUtGSkxaQ1d1eWM\/edit?usp=drive_web\" target=\"_blank\">https:\/\/docs.google.com\/file\/d\/0B-DJHaOyI9ywMUtGSkxaQ1d1eWM\/edit?usp=drive_web<\/a><\/p>\n<p style=\"text-align: left\"><span style=\"text-decoration: underline\"><strong>SOIREE PARISIENNE &#8211; 2013<\/strong><\/span><\/p>\n<p style=\"text-align: left\"><a href=\"https:\/\/plus.google.com\/photos\/104645640542582812624\/albums\/5843609792012557009\" target=\"_blank\">https:\/\/plus.google.com\/photos\/104645640542582812624\/albums\/5843609792012557009<\/a><\/p>\n<p style=\"text-align: left\"><span style=\"text-decoration: underline\"><strong> \u00a0\u00a0 &#8211; Petites vid\u00e9os prisent avec un smartphone &#8211;<\/strong><\/span><\/p>\n<p style=\"text-align: center\"><a href=\"http:\/\/www.choraledescordeliers.fr\/wp-content\/uploads\/2012\/09\/IMG_0111.mov\">IMG_0111<\/a>\u00a0\u00a0\u00a0\u00a0 &#8211;\u00a0\u00a0\u00a0\u00a0 <a href=\"http:\/\/www.choraledescordeliers.fr\/wp-content\/uploads\/2012\/09\/IMG_0109.mov\">IMG_0109<\/a>\u00a0\u00a0\u00a0\u00a0 &#8211;\u00a0\u00a0\u00a0\u00a0 <a href=\"http:\/\/www.choraledescordeliers.fr\/wp-content\/uploads\/2012\/09\/IMG_0110.mov\">IMG_0110<\/a> \u00a0 \u00a0 &#8211; \u00a0 \u00a0 <a href=\"http:\/\/www.choraledescordeliers.fr\/wp-content\/uploads\/2012\/09\/IMG_0113.mov\">IMG_0113<\/a> \u00a0 \u00a0 &#8211; \u00a0 \u00a0 <a href=\"http:\/\/www.choraledescordeliers.fr\/wp-content\/uploads\/2012\/09\/IMG_0115.mov\">IMG_0115<\/a><a href=\"http:\/\/www.choraledescordeliers.fr\/wp-content\/uploads\/2012\/09\/IMG_0116.mov\">\u00a0\u00a0 IMG_0116<\/a>\u00a0\u00a0\u00a0\u00a0 &#8211;\u00a0\u00a0\u00a0\u00a0 <a href=\"http:\/\/www.choraledescordeliers.fr\/wp-content\/uploads\/2012\/09\/IMG_0118.mov\">IMG_0118<\/a>\u00a0\u00a0\u00a0\u00a0 &#8211;\u00a0\u00a0\u00a0\u00a0 <a href=\"http:\/\/www.choraledescordeliers.fr\/wp-content\/uploads\/2012\/09\/IMG_0119.mov\">IMG_0119<\/a> \u00a0 \u00a0 &#8211; \u00a0 \u00a0 <a href=\"http:\/\/www.choraledescordeliers.fr\/wp-content\/uploads\/2012\/09\/IMG_0122.mov\">IMG_0122<\/a> \u00a0 \u00a0 &#8211; \u00a0 \u00a0 <a href=\"http:\/\/www.choraledescordeliers.fr\/wp-content\/uploads\/2012\/09\/IMG_0106.mov\">IMG_0106<\/a><\/p>\n<p style=\"text-align: left\"><strong>Album photos de Marie Dominique Gachet :<br \/>\n<\/strong><\/p>\n<p style=\"text-align: left\"><em><a href=\"https:\/\/picasaweb.google.com\/lh\/sredir?uname=101358265009495274703&amp;target=ALBUM&amp;id=5843728080992076049&amp;authkey=Gv1sRgCKWLtqz-irLaUQ&amp;feat=email\">https:\/\/picasaweb.google.com\/lh\/sredir?uname=101358265009495274703&amp;target=ALBUM&amp;id=5843728080992076049&amp;authkey=Gv1sRgCKWLtqz-irLaUQ&amp;feat=email<\/a><\/em>\u00a0\u00a0\u00a0\u00a0\u00a0\u00a0\u00a0\u00a0\u00a0\u00a0 (puis cliquez sur Diaporama)<\/p>\n<p style=\"text-align: left\"><strong>Album photo de Michel Evrard :<\/strong><\/p>\n<p style=\"text-align: left\"><a href=\"https:\/\/plus.google.com\/_\/notifications\/emlink?emr=13169395751117423600&amp;emid=CLCd4Z7rtbUCFbFCcgodjj8AAA&amp;path=%2Fphotos%2F100387272158642592471%2Falbums%2F5844789250726817009%3Fgpinv%3DAMIXal-WOFJmDYf4nZFfRBp65wCZkPHyPCxcjf5W2JX6o9JCPsry_MIXoTqp9DVCVfEUwEpYIKea6NNddRRA1b4uVacgK3Sew8PKM5YVl2Aj2_7PH641C5M%26authkey%3DCN-j17DEhonpYw&amp;dt=1360846225169&amp;uob=8\">album<\/a>\u00a0\u00a0\u00a0\u00a0\u00a0\u00a0\u00a0 \u00a0 \u00a0 \u00a0 \u00a0 \u00a0 \u00a0 \u00a0 \u00a0 \u00a0 \u00a0 \u00a0 \u00a0 \u00a0 (puis cliquez sur Diaporama)<\/p>\n<p style=\"text-align: left\"><strong>Album photos de Madeleine Bellino :<br \/>\n<\/strong><a href=\"https:\/\/plus.google.com\/photos\/100387272158642592471\/albums\/5845684455935572241?gpinv=AMIXal8Ch8yW1Ol_MN4HTaVYSUcDSk-0FMBMlDptSUmiheZhtptBtUIX_HylvmF7V7pwmg4G_R5Ih09e1Gn_g68nbtmIQWZlfqAXcRaD8VfJsFhxO3eVBg4&amp;cfem=1&amp;authkey=CMPD6ZbE4re0Iw\">Madeleine Bellino&rsquo;s photos on Google+<\/a>\u00a0\u00a0 \u00a0 \u00a0 \u00a0\u00a0 \u00a0 (puis cliquez sur Diaporama)<\/p>\n<p style=\"text-align: left\"><strong>==================================================================<\/strong><\/p>\n<p><span style=\"text-decoration: underline\"><strong>AMBUMS PHOTOS \u00a0 \u00a0 \u00ab\u00a0QUINZE ANS EN ARRIERE\u00a0\u00bb :<\/strong><\/span><\/p>\n<p>Galerie de photos \u00ab\u00a0album Picasa\u00a0\u00bb \u00e9labor\u00e9 par Roger Marchetto, cliquez sur le lien ci-dessous et sur diaporama :<\/p>\n<p><a href=\"http:\/\/picasaweb.google.com\/114624141763278723315?gsessionid=MvQXyOXzRAA6vh81iyN7jg\">http:\/\/picasaweb.google.com\/114624141763278723315?gsessionid=MvQXyOXzRAA6vh81iyN7jg<\/a><br \/>\n&#8212;&#8212;&#8212;&#8212;&#8212;&#8212;&#8212;&#8212;&#8212;&#8212;&#8212;&#8212;&#8212;&#8212;&#8212;&#8212;&#8212;&#8212;&#8212;&#8212;&#8212;&#8212;&#8212;&#8212;&#8212;&#8212;&#8212;&#8212;&#8212;&#8212;&#8212;&#8212;&#8212;&#8212;&#8212;&#8212;&#8212;&#8212;&#8212;&#8212;&#8212;&#8212;<\/p>\n<div id=\"ffenetremailtomailModal\">\n<div id=\"ffenetremailtopopupModalMail\">\n<div id=\"ffenetremailtotoModalClose\"><\/div>\n<div id=\"ffenetremailtopopupQuestion\">What do you want to do ?<\/div>\n<p><a id=\"ffenetremailtoemailOpen\"><\/a>New mail<button id=\"ffenetremailtobuttonEmail\">Copy<\/button><textarea id=\"ffenetremailtotextArea\"><\/textarea><\/p>\n<\/div>\n<\/div>\n<div><img alt=\"\" \/><\/div>\n<div id=\"ffenetremailtomailModal\">\n<div id=\"ffenetremailtopopupModalMail\">\n<div id=\"ffenetremailtotoModalClose\"><\/div>\n<div id=\"ffenetremailtopopupQuestion\">What do you want to do ?<\/div>\n<p><a id=\"ffenetremailtoemailOpen\"><\/a>New mail<button id=\"ffenetremailtobuttonEmail\">Copy<\/button><textarea id=\"ffenetremailtotextArea\"><\/textarea><\/p>\n<\/div>\n<\/div>\n<div><img alt=\"\" \/><\/div>\n<div id=\"ffenetremailtomailModal\">\n<div id=\"ffenetremailtopopupModalMail\">\n<div id=\"ffenetremailtotoModalClose\"><\/div>\n<div id=\"ffenetremailtopopupQuestion\">What do you want to do ?<\/div>\n<p><a id=\"ffenetremailtoemailOpen\"><\/a>New mail<button id=\"ffenetremailtobuttonEmail\">Copy<\/button><textarea id=\"ffenetremailtotextArea\"><\/textarea><\/p>\n<\/div>\n<\/div>\n<div><img alt=\"\" \/><\/div>\n<div id=\"ffenetremailtomailModal\">\n<div id=\"ffenetremailtopopupModalMail\">\n<div id=\"ffenetremailtotoModalClose\"><\/div>\n<div id=\"ffenetremailtopopupQuestion\">What do you want to do ?<\/div>\n<p><a id=\"ffenetremailtoemailOpen\"><\/a>New mail<button id=\"ffenetremailtobuttonEmail\">Copy<\/button><textarea id=\"ffenetremailtotextArea\"><\/textarea><\/p>\n<\/div>\n<\/div>\n<div><img alt=\"\" \/><\/div>\n<div id=\"ffenetremailtomailModal\">\n<div id=\"ffenetremailtopopupModalMail\">\n<div id=\"ffenetremailtotoModalClose\"><\/div>\n<div id=\"ffenetremailtopopupQuestion\">What do you want to do ?<\/div>\n<p><a id=\"ffenetremailtoemailOpen\"><\/a>New mail<button id=\"ffenetremailtobuttonEmail\">Copy<\/button><textarea id=\"ffenetremailtotextArea\"><\/textarea><\/p>\n<\/div>\n<\/div>\n<div><img alt=\"\" \/><\/div>\n<div id=\"ffenetremailtomailModal\">\n<div id=\"ffenetremailtopopupModalMail\">\n<div id=\"ffenetremailtotoModalClose\"><\/div>\n<div id=\"ffenetremailtopopupQuestion\">What do you want to do ?<\/div>\n<p><a id=\"ffenetremailtoemailOpen\"><\/a>New mail<button id=\"ffenetremailtobuttonEmail\">Copy<\/button><textarea id=\"ffenetremailtotextArea\"><\/textarea><\/p>\n<\/div>\n<\/div>\n<div><img alt=\"\" \/><\/div>\n<div id=\"ffenetremailtomailModal\">\n<div id=\"ffenetremailtopopupModalMail\">\n<div id=\"ffenetremailtotoModalClose\"><\/div>\n<div id=\"ffenetremailtopopupQuestion\">What do you want to do ?<\/div>\n<p><a id=\"ffenetremailtoemailOpen\"><\/a>New mail<button id=\"ffenetremailtobuttonEmail\">Copy<\/button><textarea id=\"ffenetremailtotextArea\"><\/textarea><\/div>\n<\/div>\n<div><img alt=\"\" \/><\/div>\n","protected":false},"excerpt":{"rendered":"<p>50 ans du Chef ! Soir\u00e9e festive \u00e0 La Batie Neuve \u00ab\u00a0Les contes\u00a0\u00bb\u00a0 2019\u00a0 : Une bien belle soir\u00e9e \u00e0 la B\u00e2tie Neuve, ce samedi soir 2 mars 2019. Voici quelques photos : Carnaval 2019 Photos de Marido : https:\/\/photos.app.goo.gl\/Z9QcooKVjjFSDnbq6 &hellip; <a href=\"https:\/\/www.choraledescordeliers.fr\/?page_id=500\">Lire la suite <span class=\"meta-nav\">&rarr;<\/span><\/a><\/p>\n","protected":false},"author":1,"featured_media":0,"parent":214,"menu_order":0,"comment_status":"closed","ping_status":"closed","template":"","meta":[],"_links":{"self":[{"href":"https:\/\/www.choraledescordeliers.fr\/index.php?rest_route=\/wp\/v2\/pages\/500"}],"collection":[{"href":"https:\/\/www.choraledescordeliers.fr\/index.php?rest_route=\/wp\/v2\/pages"}],"about":[{"href":"https:\/\/www.choraledescordeliers.fr\/index.php?rest_route=\/wp\/v2\/types\/page"}],"author":[{"embeddable":true,"href":"https:\/\/www.choraledescordeliers.fr\/index.php?rest_route=\/wp\/v2\/users\/1"}],"replies":[{"embeddable":true,"href":"https:\/\/www.choraledescordeliers.fr\/index.php?rest_route=%2Fwp%2Fv2%2Fcomments&post=500"}],"version-history":[{"count":152,"href":"https:\/\/www.choraledescordeliers.fr\/index.php?rest_route=\/wp\/v2\/pages\/500\/revisions"}],"predecessor-version":[{"id":2897,"href":"https:\/\/www.choraledescordeliers.fr\/index.php?rest_route=\/wp\/v2\/pages\/500\/revisions\/2897"}],"up":[{"embeddable":true,"href":"https:\/\/www.choraledescordeliers.fr\/index.php?rest_route=\/wp\/v2\/pages\/214"}],"wp:attachment":[{"href":"https:\/\/www.choraledescordeliers.fr\/index.php?rest_route=%2Fwp%2Fv2%2Fmedia&parent=500"}],"curies":[{"name":"wp","href":"https:\/\/api.w.org\/{rel}","templated":true}]}}